 71, 1367
What are the prime factors of 135165?
3, 5, 9011
What are the prime factors of 3164186?
2, 71, 22283
List the prime factors of 3095024.
2, 19, 10181
List the prime factors of 7891748.
2, 137, 14401
List the prime factors of 1206148.
2, 31, 71, 137
What are the prime factors of 407827?
7, 29, 41
What are the prime factors of 510195?
3, 5, 7, 43, 113
What are the prime factors of 169149?
3, 56383
What are the prime factors of 4351905?
3, 5, 97, 997
List the prime factors of 1012806.
2, 3, 56267
List the prime factors of 148740.
2, 3, 5, 37, 67
List the prime factors of 15582525.
3, 5, 7, 67, 443
List the prime factors of 381935.
5, 76387
What are the prime factors of 356624?
2, 31, 719
List the prime factors of 37725962.
2, 73, 233, 1109
What are the prime factors of 250405?
5, 61, 821
List the prime factors of 3531066.
2, 3, 7, 11, 7643
List the prime factors of 1824721.
1824721
What are the prime factors of 16919585?
5, 3383917
List the prime factors of 169013.
13, 13001
What are the prime factors of 81241?
137, 593
What are the prime factors of 332734?
2, 43, 53, 73
List the prime factors of 23042553.
3, 71, 251, 431
List the prime factors of 59589.
3, 2207
List the prime factors of 3678035.
5, 17, 43271
What are the prime factors of 2389970?
2, 5, 11, 21727
List the prime factors of 4326231.
3, 7, 13, 23, 53
List the prime factors of 212511.
3, 13, 5449
List the prime factors of 9835007.
7, 13, 23, 37, 127
What are the prime factors of 549512?
2, 149, 461
List the prime factors of 1505067.
3, 367, 1367
What are the prime factors of 20570946?
2, 3, 11, 311681
List the prime factors of 272791.
53, 5147
What are the prime factors of 1069438?
2, 31, 47, 367
List the prime factors of 465384.
2, 3, 19391
List the prime factors of 8209022.
2, 23, 7759
What are the prime factors of 579006?
2, 3, 19, 1693
List the prime factors of 158085.
3, 5, 1171
What are the prime factors of 34890732?
2, 3, 17, 47, 1213
What are the prime factors of 17163777?
3, 79, 72421
List the prime factors of 3790801.
7, 541543
What are the prime factors of 31495288?
2, 11, 17, 37, 569
What are the prime factors of 116674?
2, 58337
List the prime factors of 132985.
5, 26597
What are the prime factors of 122292?
2, 3, 43, 79
List the prime factors of 25907696.
2, 37, 107, 409
List the prime factors of 348675.
3, 5, 4649
What are the prime factors of 301317?
3, 47, 2137
What are the prime factors of 7619326?
2, 11, 13, 26641
What are the prime factors of 2696975?
5, 233, 463
List the prime factors of 114191.
7, 11, 1483
What are the prime factors of 6760290?
2, 3, 5, 225343
List the prime factors of 10782201.
3, 3594067
List the prime factors of 3567218.
2, 53, 73, 461
List the prime factors of 385120.
2, 5, 29, 83
What are the prime factors of 17489071?
17489071
List the prime factors of 245329.
7, 101, 347
List the prime factors of 1184739.
3, 557, 709
What are the prime factors of 44352?
2, 3, 7, 11
List the prime factors of 10326146.
2, 29, 178037
What are the prime factors of 9050845?
5, 23, 211, 373
What are the prime factors of 451043?
367, 1229
What are the prime factors of 475410?
2, 3, 5, 13, 23, 53
What are the prime factors of 34364404?
2, 619, 13879
What are the prime factors of 278725?
5, 11149
List the prime factors of 9199989.
3, 29, 101, 349
List the prime factors of 72892.
2, 18223
What are the prime factors of 801618?
2, 3, 17, 29, 271
List the prime factors of 7565880.
2, 3, 5, 7, 9007
What are the prime factors of 177712?
2, 29, 383
What are the prime factors of 354336?
2, 3, 3691
List the prime factors of 1751635.
5, 73, 4799
List the prime factors of 165313.
165313
List the prime factors of 15315186.
2, 3, 2552531
What are the prime factors of 3143023?
13, 241771
List the prime factors of 1592583.
3, 530861
What are the prime factors of 91181?
19, 4799
List the prime factors of 18968018.
2, 1049, 9041
List the prime factors of 1456989.
3, 29, 16747
List the prime factors of 4662014.
2, 7, 97, 3433
List the prime factors of 34827967.
34827967
List the prime factors of 1049685.
3, 5, 7, 13, 769
List the prime factors of 158232.
2, 3, 19, 347
List the prime factors of 5371041.
3, 13, 41, 3359
List the prime factors of 34009149.
3, 281, 40343
List the prime factors of 467888.
2, 29243
What are the prime factors of 68753?
197, 349
What are the prime factors of 442246?
2, 7, 31, 1019
What are the prime factors of 782921?
782921
List the prime factors of 65604.
2, 3, 7, 11, 71
List the prime factors of 13528303.
53, 255251
What are the prime factors of 639285?
3, 5, 17, 23, 109
What are the prime factors of 137790?
2, 3, 5, 1531
List the prime factors of 4929497.
653, 7549
List the prime factors of 1719578.
2, 7, 122827
List the prime factors of 1234446.
2, 3, 283, 727
List the prime factors of 6061453.
937, 6469
What are the prime factors of 11944930?
2, 5, 1194493
What are the prime factors of 988195?
5, 13, 23, 661
List the prime factors of 1470327.
3, 173, 2833
What are the prime factors of 340838?
2, 193, 883
What are the prime factors of 3096707?
29, 106783
List the prime factors of 36076340.
2, 5, 1803817
List the prime factors of 80473.
80473
List the prime factors of 217004.
2, 54251
What are the prime factors of 1568078?
2, 784039
List the prime factors of 1464652.
2, 7, 17, 181
List the prime factors of 480970.
2, 5, 7, 6871
List the prime factors of 692630.
2, 5, 69263
List the prime factors of 692633.
31, 22343
What are the prime factors of 101049?
3, 13, 2591
List the prime factors of 361209.
3, 19, 6337
List the prime factors of 409206.
2, 3, 7, 9743
List the prime factors of 12891767.
7, 1841681
What are the prime factors of 12151791?
3, 359, 3761
List the prime factors of 21193341.
3, 13, 19, 37, 773
List the prime factors of 516069.
3, 17, 3373
What are the prime factors of 1469121?
3, 31, 15797
What are the prime factors of 143376?
2, 3, 29, 103
List the prime factors of 462123.
3, 51347
List the prime factors of 12978189.
3, 7, 29429
List the prime factors of 18230907.
3, 701, 8669
List the prime factors of 63372.
2, 3, 5281
List the prime factors of 54741.
3, 71, 257
What are the prime factors of 85271?
71, 1201
What are the prime factors of 346324?
2, 11, 17, 463
List the prime factors of 1973282.
2, 986641
List the prime factors of 1823385.
3, 5, 121559
What are the prime factors of 33199715?
5, 6639943
What are the prime factors of 696071?
61, 11411
List the prime factors of 159932.
2, 39983
List the prime factors of 95952.
2, 3, 1999
List the prime factors of 85002.
2, 3, 31, 457
List the prime factors of 2048964.
2, 3, 73, 2339
List the prime factors of 135524.
2, 17, 1993
What are the prime factors of 128424?
2, 3, 5351
What are the prime factors of 70957?
70957
List the prime factors of 296034.
2, 3, 49339
List the prime factors of 2277491.
79, 127, 227
What are the prime factors of 12861814?
2, 7, 18749
List the prime factors of 132619.
132619
List the prime factors of 1395075.
3, 5, 11, 19, 89
What are the prime factors of 4288243?
19, 225697
What are the prime factors of 287134?
2, 143567
List the prime factors of 14837947.
47, 315701
List the prime factors of 6261285.
3, 5, 417419
List the prime factors of 564987.
3, 47, 4007
List the prime factors of 57946.
2, 7, 4139
List the prime factors of 841584.
2, 3, 89, 197
What are the prime factors of 8544742?
2, 773, 5527
List the prime factors of 167200.
2, 5, 11, 19
What are the prime factors of 1867141?
1031, 1811
List the prime factors of 7774029.
3, 83, 3469
List the prime factors of 561113.
7, 71, 1129
What are the prime factors of 1408324?
2, 352081
List the prime factors of 143173.
29, 4937
What are the prime factors of 5082705?
3, 5, 179, 631
What are the prime factors of 21261917?
17, 1250701
List the prime factors of 1407469.
7, 67, 3001
What are the prime factors of 3622451?
7, 233, 2221
What are the prime factors of 22481712?
2, 3, 11, 19, 83
What are the prime factors of 18584105?
5, 3716821
What are the prime factors of 14053907?
7, 2007701
What are the prime factors of 8964377?
61, 223, 659
List the prime factors of 2216513.
13, 53, 3217
What are the prime factors of 34250595?
3, 5, 29, 78737
What are the prime factors of 24916831?
67, 383, 971
What are 